hen 277 is divided by p(-2)?
32
Let z(f) = -f**2 - 19*f + 66. Suppose 0 = -9*v - 173 - 7. Suppose 5*b = -27 + 107. What is the remainder when z(v) is divided by b?
14
Suppose 5*g = 3*g - 12. Let l(z) = -2*z - 4. Let m = 2 - -3. Calculate the remainder when l(g) is divided by m.
3
What is the remainder when 661 is divided by (8 + -7)/(189/(-95) + 2)?
91
Let l(s) = s**3 + 3*s**2 - s. Let g be l(-4). What is the remainder when 4 - (g + 0 + (3 - -1)) is divided by 5?
2
Let i(n) = -n**3 + 9*n**2 + 2*n - 7. Calculate the remainder when 131 is divided by i(9).
10
Suppose 2*g - 16 - 6 = -4*o, -4*g = o - 79. Calculate the remainder when 104 is divided by g.
20
Let t(y) = 9*y + 55. What is the remainder when 217 is divided by t(0)?
52
Calculate the remainder when 208 is divided by (10908/(-505))/((-1)/5).
100
Let k = -859 + 875. What is the remainder when 175 is divided by k?
15
Suppose 0 = r + 3*r - 3*l - 254, -r + 52 = 5*l. Calculate the remainder when 183 is divided by r.
59
Let w = -31 + 34. What is the remainder when 1/((-20)/(-12) - w)*-40 is divided by 16?
14
Let p = 70 + -47. Suppose 10*i = p + 157. What is the remainder when i is divided by 7?
4
Suppose 4*d - 875 = -3*d. What is the remainder when d is divided by 22?
15
Suppose 2*t - 136 = 4*k, k + 188 = 3*t - k. Let i = 25 - 9. What is the remainder when t is divided by i?
12
Suppose -78 = -d - 5*d. Let a = -67 + 40. Let y = 77 + a. What is the remainder when y is divided by d?
11
Let i be 27/18 + 10/4. Suppose -r - 3 = 0, -i*y + 31 = -2*r - 11. Calculate the remainder when 34 is divided by y.
7
Let v(f) = -f**2 - 36*f - 244. Calculate the remainder when v(-17) is divided by 17.
11
Suppose 13*r = 1173 + 816. Suppose r = 5*w - 162. What is the remainder when w is divided by 16?
15
Let l(m) = -m**2 + 2*m + 39*m - 14*m + 4 - 5*m. Calculate the remainder when l(15) is divided by 22.
21
What is the remainder when 147 is divided by (-5)/((-5)/1)*50?
47
Suppose 2*y + 7*y - 27 = 0. Let p = 27 + y. Calculate the remainder when 59 is divided by p.
29
Let t(q) = 14*q**2 - 43*q - 88. Suppose 0 = 5*n - 0*k + k - 110, 4*k + 66 = 3*n. Let j = n + -8. What is the remainder when t(-2) is divided by j?
12
Let m(y) = y**2 + 14*y - 11. Let s be m(-16). Let t = -23 - -14. Let f = t + s. What is the remainder when f is divided by 7?
5
Let q(j) = -3*j + 39. Suppose -4*u = -5*u. Let p = -31 + 52. Calculate the remainder when q(u) is divided by p.
18
Suppose -15 - 23 = -a + 3*y, -3*a = 5*y - 170. What is the remainder when a is divided by 20?
10
Suppose -58*b + 53*b = 30. What is the remainder when 57 is divided by b/27 + 1200/54?
13
Suppose -80 = -239*t + 234*t. What is the remainder when 301 is divided by t?
13
Let g = 1168 + -401. What is the remainder when g is divided by 14?
11
Calculate the remainder when 4/(-66)*-34137 + 22/242 is divided by 15.
14
Suppose -4*r = -3*u - 53, -4*r = 5*u - 30 + 1. Suppose r*z - 6*z = 130. What is the remainder when 75 is divided by z?
23
Let h(u) = u**3 + 3*u**2 - 2*u. Let f be h(-3). Let a(i) = -2*i**3 - i + f*i**3 - i**2 - 5*i**3 + 3. Calculate the remainder when a(-3) is divided by 13.
11
Let z be 5/(4 - 18/6). Suppose -61 + 306 = z*t. Calculate the remainder when 143 is divided by t.
45
Suppose 21*n - 7*n = -3*n + 340. Suppose 5*x - 18 = 67. Calculate the remainder when n is divided by x.
3
Let g(i) = 2*i. What is the remainder when 86 is divided by g(22)?
42
Suppose 2*b - 16 + 0 = 0. Suppose 4*u - b = 2*u. Suppose 7 = -u*y - f - 2*f, 3*y + 9 = -3*f. What is the remainder when 5 is divided by y?
1
Suppose 174 = 2*r - 4*c, 153 = -6*r + 8*r + 3*c. Calculate the remainder when 243 is divided by r.
0
Let k = -668 + 682. Calculate the remainder when 264 is divided by k.
12
Suppose -5*l - 14*u + 9*u = -70, 0 = -4*u - 4. Calculate the remainder when 42 is divided by l.
12
Suppose -8 = 2*u, 0 = -3*x + u + 29 + 35. What is the remainder when x is divided by 2?
0
Let o(l) = -l**3 - 2*l**2 + l + 4. Let v be o(-3). Suppose -2*r = -0*r - v. Suppose -2*j = -r*j + 48. What is the remainder when 30 is divided by j?
14
Suppose -5*w - 215 = k - 684, -4*k = 4*w - 372. Calculate the remainder when w is divided by 47.
0
Suppose 709*m - 705*m - 164 = 0. Calculate the remainder when 134 is divided by m.
11
Let a(l) = l**3 - 7*l - 4. Let b be a(-5). Let w = 152 + b. Let c(y) = -y**3 + 8*y**2 - 4*y - 5. What is the remainder when w is divided by c(7)?
10
Let o(l) = 9*l - 6. Let u be o(3). Suppose -u = 4*j - 11*j. What is the remainder when 14 is divided by j?
2
Let k = -74 + 108. Suppose 0 = 2*y - 5*h - 45, -6*h + 2*h = 4*y - 76. What is the remainder when k is divided by y?
14
Suppose -n - 5 = 0, n + 13 = -w - n. Calculate the remainder when 33 is divided by (1 + 53)*(-1)/w.
15
Suppose 0 = 2*t + 2. Let v = 10 + t. Calculate the remainder when 43 is divided by v.
7
Let o = -1671 + 1693. Let x be (-66)/(-14) + (-4)/(-14). What is the remainder when 433/x + 4/10 is divided by o?
21
Let w = 139 - 133. Let v(x) = -x**2 + 8*x - 9. Calculate the remainder when 15 is divided by v(w).
0
Suppose -4*g - 3*p - 395 = -2*p, 2*p = -5*g - 493. Let o = 143 + g. What is the remainder when o is divided by 15?
14
Let o(u) = -u**2 + u + 3. Let b be o(0). Suppose b*c + 71 = 2*q, -2*q + 0*q + 86 = 2*c. Suppose q = 5*n - 45. Calculate the remainder when 66 is divided by n.
15
Let h = 403 + -348. Calculate the remainder when 274 is divided by h.
54
Suppose 6*m - m = 105. Let f = -6 + m. Calculate the remainder when f is divided by 4.
3
Let l(k) = -k**3 + 10*k**2 - 20*k + 2. What is the remainder when 32 is divided by l(4)?
14
What is the remainder when 76 is divided by (-532)/(-8) - (-4)/(-8)?
10
Let s be (-3)/5 + (-337)/5. Let k = 98 + s. Calculate the remainder when 59 is divided by k.
29
Let z(v) = -2*v**3 + v**2 + 12*v + 4. What is the remainder when z(-3) is divided by 8?
7
Let i(y) = -y**2 - y + 5. Let l be i(0). Suppose 0 = 4*s + 3*v - 27, -v - l = -s - 0*s. What is the remainder when ((-15)/10)/((-3)/20) is divided by s?
4
Let k = -29 - -29. Suppose b + 4*b - 50 = k. Calculate the remainder when 109 is divided by b.
9
Suppose 3*u + 1 - 7 = 0. Let s(y) = y**2 + y + 2. Let g be s(u). Let p(o) = 2*o - 6. Calculate the remainder when p(g) is divided by 3.
1
Suppose 86 - 16 = -2*s. Let g = 55 + s. What is the remainder when 59 is divided by g?
19
Let g be 1 - 4 - 1*(-1)/(-1). What is the remainder when 56 is divided by (90/g)/3*24/(-9)?
16
Let y = 17 + -15. Let d(h) = 5*h - 4 - 6 - y*h - 12. What is the remainder when 25 is divided by d(12)?
11
Suppose 4*x - 357 = 3*n - 4*n, -2*x + 165 = 5*n. Suppose -7*k + 16*k - x = 0. Calculate the remainder when 25 is divided by k.
5
Let l(r) = r**3 + 19*r**2 + 16*r - 24. Suppose 2*x + 3*x - 235 = 0. Calculate the remainder when x is divided by l(-18).
11
Suppose 10 = 4*i - 14. Suppose -2*g + 5*t + 18 = 0, i*t = g + t - 9. Suppose g*p = 4*p + 55. Calculate the remainder when 21 is divided by p.
10
Let y(o) = -2*o**2 - 17*o + 9. Suppose -10*s - 72 = -s. Calculate the remainder when 84 is divided by y(s).
16
Suppose -3*p + 9 = -u + 20, -5*u - 4*p = -55. Calculate the remainder when 68 is divided by u.
2
Let q(r) be the first derivative of -r**4/4 + 10*r**3/3 + 7*r**2 + 3*r + 21. Calculate the remainder when 107 is divided by q(11).
35
Let n(p) = 13*p + 701. Calculate the remainder when n(0) is divided by 88.
85
Suppose 3*i - 5*c + 0*c = 36, 4*i = 4*c + 56. Suppose 0 = 6*s + i - 71. What is the remainder when 19 is divided by s?
1
Let j = 6 - -6. Let u = 16 + j. Suppose -47 = -l + 4*z - 17, 0 = -l - 2*z. What is the remainder when u is divided by l?
8
Suppose -308 = 2*r + a - 1211, r + 3*a - 439 = 0. Calculate the remainder when r is divided by 91.
90
What is the remainder when 60 is divided by 57*(13/3)/13?
3
Let n = -38 - -122. Suppose 4*b - n = -2*b. What is the remainder when b is divided by 5?
4
Let v = 41 - 36. What is the remainder when 123 is divided by (-35)/14*((-41)/v - -1)?
15
Suppose 3*u = -2*u. Suppose u = -5*j - 10, 5*j - 13 = -g + 10. Calculate the remainder when g is divided by 18.
15
Let j = 1233 - 705. Calculate the remainder when 29 is divided by j/56 - 4/(-7).
9
Let b be 6/10 + (-627)/(-55). What is the remainder when 41 is divided by (-1)/4 + 135/b?
8
Suppose 4